{"id":662,"date":"2020-08-24T18:19:31","date_gmt":"2020-08-24T16:19:31","guid":{"rendered":"http:\/\/www.aprz.eu\/refonte\/?page_id=662"},"modified":"2020-11-01T13:22:36","modified_gmt":"2020-11-01T12:22:36","slug":"comptabilite","status":"publish","type":"page","link":"https:\/\/www.aprz.eu\/fr\/comptabilite\/","title":{"rendered":"Cabinet de comptabilit\u00e9"},"content":{"rendered":"\t\t<div data-elementor-type=\"wp-page\" data-elementor-id=\"662\" class=\"elementor elementor-662\" data-elementor-post-type=\"page\">\n\t\t\t\t\t\t<section class=\"elementor-section elementor-top-section elementor-element elementor-element-6af19225 elementor-section-full_width elementor-section-height-default elementor-section-height-default\" data-id=\"6af19225\" data-element_type=\"section\" data-e-type=\"section\" data-settings=\"{&quot;background_background&quot;:&quot;classic&quot;}\">\n\t\t\t\t\t\t<div class=\"elementor-container elementor-column-gap-default\">\n\t\t\t\t\t<div class=\"elementor-column elementor-col-50 elementor-top-column elementor-element elementor-element-2f884f1\" data-id=\"2f884f1\" data-element_type=\"column\" data-e-type=\"column\">\n\t\t\t<div class=\"elementor-widget-wrap elementor-element-populated\">\n\t\t\t\t\t\t<div class=\"elementor-element elementor-element-4985b6c2 elementor-widget elementor-widget-heading\" data-id=\"4985b6c2\" data-element_type=\"widget\" data-e-type=\"widget\" data-widget_type=\"heading.default\">\n\t\t\t\t<div class=\"elementor-widget-container\">\n\t\t\t\t\t<h1 class=\"elementor-heading-title elementor-size-default\">APRZ  <br><b>Comptabilit\u00e9<\/b><\/h1>\t\t\t\t<\/div>\n\t\t\t\t<\/div>\n\t\t\t\t\t<\/div>\n\t\t<\/div>\n\t\t\t\t<div class=\"elementor-column elementor-col-50 elementor-top-column elementor-element elementor-element-12dc735f\" data-id=\"12dc735f\" data-element_type=\"column\" data-e-type=\"column\">\n\t\t\t<div class=\"elementor-widget-wrap elementor-element-populated\">\n\t\t\t\t\t\t<div class=\"elementor-element elementor-element-708df6c6 elementor-widget elementor-widget-text-editor\" data-id=\"708df6c6\" data-element_type=\"widget\" data-e-type=\"widget\" data-widget_type=\"text-editor.default\">\n\t\t\t\t<div class=\"elementor-widget-container\">\n\t\t\t\t\t\t\t\t\t<h5><span style=\"color: #cc0000;\"><strong><em>La tenue d\u2019une comptabilit\u00e9 est-elle obligatoire en France ?<\/em><\/strong><\/span><\/h5><p>La tenue d\u2019une comptabilit\u00e9 pour votre activit\u00e9 en France sera une obligation dans tous les cas sauf\u00a0:<\/p><p>Le r\u00e9gime de la micro-entreprise en France est exempt\u00e9 de tenir une comptabilit\u00e9 car la fiscalit\u00e9 est dans ce cas seul bas\u00e9e sur le niveau du chiffre d\u2019affaires. Cependant au-del\u00e0 de 40K eur de recettes pour les prestataires de services et de 80K pour les commer\u00e7ants, ce r\u00e9gime n\u2019est plus possible ;<\/p><p>\u00c9galement les VAD ventes \u00e0 distance n\u2019ont pas d\u2019obligation de tenir une comptabilit\u00e9, car elles n\u2019ont que des obligations fiscales pour les besoins de la TVA et douani\u00e8res dans le cadre des Intrastat.<\/p><p>Finalement les bureaux de liaison n\u2019ont pas d\u2019obligation comptable en France<\/p><p>Ainsi que les Employeurs Etrangers immatricul\u00e9s au CNFE de Strasbourg.<\/p>\t\t\t\t\t\t\t\t<\/div>\n\t\t\t\t<\/div>\n\t\t\t\t\t<\/div>\n\t\t<\/div>\n\t\t\t\t\t<\/div>\n\t\t<\/section>\n\t\t\t\t<section class=\"elementor-section elementor-top-section elementor-element elementor-element-689917a8 elementor-section-full_width elementor-section-height-default elementor-section-height-default\" data-id=\"689917a8\" data-element_type=\"section\" data-e-type=\"section\">\n\t\t\t\t\t\t<div class=\"elementor-container elementor-column-gap-default\">\n\t\t\t\t\t<div class=\"elementor-column elementor-col-100 elementor-top-column elementor-element elementor-element-36ab1fea\" data-id=\"36ab1fea\" data-element_type=\"column\" data-e-type=\"column\">\n\t\t\t<div class=\"elementor-widget-wrap elementor-element-populated\">\n\t\t\t\t\t\t<div class=\"elementor-element elementor-element-4d421354 elementor-widget elementor-widget-image\" data-id=\"4d421354\" data-element_type=\"widget\" data-e-type=\"widget\" data-settings=\"{&quot;motion_fx_motion_fx_scrolling&quot;:&quot;yes&quot;,&quot;motion_fx_devices&quot;:[&quot;desktop&quot;,&quot;tablet&quot;,&quot;mobile&quot;]}\" data-widget_type=\"image.default\">\n\t\t\t\t<div class=\"elementor-widget-container\">\n\t\t\t\t\t\t\t\t\t\t\t\t\t\t\t<img fetchpriority=\"high\" decoding=\"async\" width=\"1719\" height=\"790\" src=\"https:\/\/www.aprz.eu\/wp-content\/uploads\/2020\/08\/compta.jpg\" class=\"attachment-full size-full wp-image-666\" alt=\"Cabinet de comptabilit\u00e9\" srcset=\"https:\/\/www.aprz.eu\/wp-content\/uploads\/2020\/08\/compta.jpg 1719w, https:\/\/www.aprz.eu\/wp-content\/uploads\/2020\/08\/compta-300x138.jpg 300w, https:\/\/www.aprz.eu\/wp-content\/uploads\/2020\/08\/compta-1024x471.jpg 1024w, https:\/\/www.aprz.eu\/wp-content\/uploads\/2020\/08\/compta-768x353.jpg 768w, https:\/\/www.aprz.eu\/wp-content\/uploads\/2020\/08\/compta-1536x706.jpg 1536w\" sizes=\"(max-width: 1719px) 100vw, 1719px\" \/>\t\t\t\t\t\t\t\t\t\t\t\t\t\t\t<\/div>\n\t\t\t\t<\/div>\n\t\t\t\t\t<\/div>\n\t\t<\/div>\n\t\t\t\t\t<\/div>\n\t\t<\/section>\n\t\t\t\t<section class=\"elementor-section elementor-top-section elementor-element elementor-element-12c992c7 elementor-section-full_width elementor-section-height-default elementor-section-height-default\" data-id=\"12c992c7\" data-element_type=\"section\" data-e-type=\"section\">\n\t\t\t\t\t\t<div class=\"elementor-container elementor-column-gap-default\">\n\t\t\t\t\t<div class=\"elementor-column elementor-col-100 elementor-top-column elementor-element elementor-element-2d59bdab\" data-id=\"2d59bdab\" data-element_type=\"column\" data-e-type=\"column\">\n\t\t\t<div class=\"elementor-widget-wrap elementor-element-populated\">\n\t\t\t\t\t\t<section class=\"elementor-section elementor-inner-section elementor-element elementor-element-5303bdf elementor-section-height-min-height elementor-section-boxed elementor-section-height-default\" data-id=\"5303bdf\" data-element_type=\"section\" data-e-type=\"section\" data-settings=\"{&quot;motion_fx_motion_fx_scrolling&quot;:&quot;yes&quot;,&quot;motion_fx_translateY_effect&quot;:&quot;yes&quot;,&quot;motion_fx_translateY_direction&quot;:&quot;negative&quot;,&quot;motion_fx_translateY_speed&quot;:{&quot;unit&quot;:&quot;px&quot;,&quot;size&quot;:&quot;1&quot;,&quot;sizes&quot;:[]},&quot;motion_fx_devices&quot;:[&quot;desktop&quot;],&quot;motion_fx_translateY_affectedRange&quot;:{&quot;unit&quot;:&quot;%&quot;,&quot;size&quot;:&quot;&quot;,&quot;sizes&quot;:{&quot;start&quot;:0,&quot;end&quot;:100}}}\">\n\t\t\t\t\t\t<div class=\"elementor-container elementor-column-gap-default\">\n\t\t\t\t\t<div class=\"elementor-column elementor-col-100 elementor-inner-column elementor-element elementor-element-4441e539\" data-id=\"4441e539\" data-element_type=\"column\" data-e-type=\"column\">\n\t\t\t<div class=\"elementor-widget-wrap elementor-element-populated\">\n\t\t\t\t\t\t<div class=\"elementor-element elementor-element-752d42a3 elementor-widget elementor-widget-heading\" data-id=\"752d42a3\" data-element_type=\"widget\" data-e-type=\"widget\" data-widget_type=\"heading.default\">\n\t\t\t\t<div class=\"elementor-widget-container\">\n\t\t\t\t\t<h2 class=\"elementor-heading-title elementor-size-default\">La comptabilit\u00e9 peut-elle \u00eatre tenue \n<br><b>\u00e0 l\u2019\u00e9tranger ? <\/b><\/h2>\t\t\t\t<\/div>\n\t\t\t\t<\/div>\n\t\t\t\t<div class=\"elementor-element elementor-element-7057353f elementor-widget elementor-widget-text-editor\" data-id=\"7057353f\" data-element_type=\"widget\" data-e-type=\"widget\" data-widget_type=\"text-editor.default\">\n\t\t\t\t<div class=\"elementor-widget-container\">\n\t\t\t\t\t\t\t\t\t<p>Rappelons qu\u2019il n\u2019y a pas d\u2019obligation de faire appel \u00e0 un expert-comptable pour \u00e9tablir la comptabilit\u00e9, elle peut \u00eatre tenue en interne chez vous. Cependant, si vous faites appel \u00e0 un prestataire ext\u00e9rieur en France, il doit \u00eatre inscrit au Tableau de l\u2019Ordre des Experts Comptables (car profession r\u00e9glement\u00e9e).<\/p><p><em><strong><span style=\"color: #cc0000;\">La comptabilit\u00e9 peut-elle \u00eatre tenue \u00e0 l\u2019\u00e9tranger\u00a0?<\/span> <\/strong><\/em><\/p><p><em>\u00a0<\/em><\/p><p><strong>Deux cas\u00a0:<\/strong><\/p><p><strong>1)\u00a0<\/strong> Vous \u00eates une filiale (soci\u00e9t\u00e9 de droit fran\u00e7ais) : vous devrez respecter le cahier des charges (appel\u00e9 FEC, voir explications ci-dessous en partie \u2018normes IFRS\u2019) de l\u2019administration fiscale fran\u00e7aise.<\/p><p><strong>2) <\/strong>Vous \u00eates une succursale\u00a0: vous pouvez tenir la comptabilit\u00e9 dans votre langue, mais les services fiscaux auront la possibilit\u00e9 de vous demander une traduction certifi\u00e9e de vos livres comptables, en cas de contr\u00f4le uniquement. La production en succursale d\u2019un mapping est autoris\u00e9e (balance g\u00e9n\u00e9rale mapp\u00e9e vers la norme PCG Plan Comptable G\u00e9n\u00e9ral).<\/p><p><em>Dans ces deux cas (filiale, succursale), si vous souhaitez tenir par vous-m\u00eame la comptabilit\u00e9 et que APRZ ne r\u00e9alise que les comptes annuels et la liasse fiscale, nos honoraires sont au temps pass\u00e9.<\/em><\/p><p>\u00a0<\/p>\t\t\t\t\t\t\t\t<\/div>\n\t\t\t\t<\/div>\n\t\t\t\t\t<\/div>\n\t\t<\/div>\n\t\t\t\t\t<\/div>\n\t\t<\/section>\n\t\t\t\t\t<\/div>\n\t\t<\/div>\n\t\t\t\t\t<\/div>\n\t\t<\/section>\n\t\t\t\t<section class=\"elementor-section elementor-top-section elementor-element elementor-element-14717a5 elementor-section-full_width elementor-section-content-top elementor-section-height-default elementor-section-height-default\" data-id=\"14717a5\" data-element_type=\"section\" data-e-type=\"section\">\n\t\t\t\t\t\t<div class=\"elementor-container elementor-column-gap-default\">\n\t\t\t\t\t<div class=\"elementor-column elementor-col-100 elementor-top-column elementor-element elementor-element-4b2886b\" data-id=\"4b2886b\" data-element_type=\"column\" data-e-type=\"column\">\n\t\t\t<div class=\"elementor-widget-wrap elementor-element-populated\">\n\t\t\t\t\t\t<div class=\"elementor-element elementor-element-8f2057f elementor-widget elementor-widget-heading\" data-id=\"8f2057f\" data-element_type=\"widget\" data-e-type=\"widget\" data-widget_type=\"heading.default\">\n\t\t\t\t<div class=\"elementor-widget-container\">\n\t\t\t\t\t<h2 class=\"elementor-heading-title elementor-size-default\">La comptabilit\u00e9 fran\u00e7aise est-elle  \n<br><b>aux normes IFRS ? <\/b><\/h2>\t\t\t\t<\/div>\n\t\t\t\t<\/div>\n\t\t\t\t<div class=\"elementor-element elementor-element-2b97ddd elementor-widget elementor-widget-text-editor\" data-id=\"2b97ddd\" data-element_type=\"widget\" data-e-type=\"widget\" data-widget_type=\"text-editor.default\">\n\t\t\t\t<div class=\"elementor-widget-container\">\n\t\t\t\t\t\t\t\t\t<p><em><strong>En France la comptabilit\u00e9 est g\u00e9n\u00e9ralement une comptabilit\u00e9 d\u2019engagement<\/strong><\/em> (comptabilit\u00e9 de recettes d\u00e9penses r\u00e9serv\u00e9e pour certaines soci\u00e9t\u00e9s civiles), avec un plan de comptes d\u00e9fini par la norme. La norme comptable fran\u00e7aise est le PCG, qui tend \u00e0 s\u2019approcher des IFRS.<\/p><p>La norme fiscale FEC, Fichier des Ecritures Comptables, impose un cahier des charges pour la remise d\u2019un fichier txt de l\u2019ensemble des \u00e9critures d\u2019un exercice fiscal, \u00e0 des fins de contr\u00f4le. Les libell\u00e9s doivent \u00eatre en fran\u00e7ais, un certain nombre d\u2019informations doivent \u00eatre renseign\u00e9es\u00a0: compte, libell\u00e9, num\u00e9ro pi\u00e8ce, journal, date, d\u00e9bit, cr\u00e9dit\u2026<\/p>\t\t\t\t\t\t\t\t<\/div>\n\t\t\t\t<\/div>\n\t\t\t\t\t<\/div>\n\t\t<\/div>\n\t\t\t\t\t<\/div>\n\t\t<\/section>\n\t\t\t\t<\/div>\n\t\t","protected":false},"excerpt":{"rendered":"<p>APRZ Comptabilit\u00e9 La tenue d\u2019une comptabilit\u00e9 est-elle obligatoire en France ? La tenue d\u2019une comptabilit\u00e9 pour votre activit\u00e9 en France sera une obligation dans tous les cas sauf\u00a0: Le r\u00e9gime de la micro-entreprise en France est exempt\u00e9 de tenir une comptabilit\u00e9 car la fiscalit\u00e9 est dans ce cas seul bas\u00e9e sur le niveau du chiffre [&hellip;]<\/p>\n","protected":false},"author":1,"featured_media":0,"parent":0,"menu_order":0,"comment_status":"closed","ping_status":"closed","template":"elementor_header_footer","meta":{"footnotes":""},"class_list":["post-662","page","type-page","status-publish","hentry"],"_links":{"self":[{"href":"https:\/\/www.aprz.eu\/fr\/wp-json\/wp\/v2\/pages\/662","targetHints":{"allow":["GET"]}}],"collection":[{"href":"https:\/\/www.aprz.eu\/fr\/wp-json\/wp\/v2\/pages"}],"about":[{"href":"https:\/\/www.aprz.eu\/fr\/wp-json\/wp\/v2\/types\/page"}],"author":[{"embeddable":true,"href":"https:\/\/www.aprz.eu\/fr\/wp-json\/wp\/v2\/users\/1"}],"replies":[{"embeddable":true,"href":"https:\/\/www.aprz.eu\/fr\/wp-json\/wp\/v2\/comments?post=662"}],"version-history":[{"count":12,"href":"https:\/\/www.aprz.eu\/fr\/wp-json\/wp\/v2\/pages\/662\/revisions"}],"predecessor-version":[{"id":1779,"href":"https:\/\/www.aprz.eu\/fr\/wp-json\/wp\/v2\/pages\/662\/revisions\/1779"}],"wp:attachment":[{"href":"https:\/\/www.aprz.eu\/fr\/wp-json\/wp\/v2\/media?parent=662"}],"curies":[{"name":"wp","href":"https:\/\/api.w.org\/{rel}","templated":true}]}}

Cabinet de comptabilité

<div data-elementor-type="wp-page" data-elementor-id="662" class="elementor elementor-662" data-elementor-post-type="page">
						<section class="elementor-section elementor-top-section elementor-element elementor-element-6af19225 elementor-section-full_width elementor-section-height-default elementor-section-height-default" data-id="6af19225" data-element_type="section" data-e-type="section" data-settings="{&quot;background_background&quot;:&quot;classic&quot;}">
						<div class="elementor-container elementor-column-gap-default">
					<div class="elementor-column elementor-col-50 elementor-top-column elementor-element elementor-element-2f884f1" data-id="2f884f1" data-element_type="column" data-e-type="column">
			<div class="elementor-widget-wrap elementor-element-populated">
						<div class="elementor-element elementor-element-4985b6c2 elementor-widget elementor-widget-heading" data-id="4985b6c2" data-element_type="widget" data-e-type="widget" data-widget_type="heading.default">
				<div class="elementor-widget-container">
					<h1 class="elementor-heading-title elementor-size-default">APRZ  <br><b>Comptabilité</b></h1>				</div>
				</div>
					</div>
		</div>
				<div class="elementor-column elementor-col-50 elementor-top-column elementor-element elementor-element-12dc735f" data-id="12dc735f" data-element_type="column" data-e-type="column">
			<div class="elementor-widget-wrap elementor-element-populated">
						<div class="elementor-element elementor-element-708df6c6 elementor-widget elementor-widget-text-editor" data-id="708df6c6" data-element_type="widget" data-e-type="widget" data-widget_type="text-editor.default">
				<div class="elementor-widget-container">
									<h5><span style="color: #cc0000;"><strong><em>La tenue d’une comptabilité est-elle obligatoire en France ?</em></strong></span></h5><p>La tenue d’une comptabilité pour votre activité en France sera une obligation dans tous les cas sauf :</p><p>Le régime de la micro-entreprise en France est exempté de tenir une comptabilité car la fiscalité est dans ce cas seul basée sur le niveau du chiffre d’affaires. Cependant au-delà de 40K eur de recettes pour les prestataires de services et de 80K pour les commerçants, ce régime n’est plus possible ;</p><p>Également les VAD ventes à distance n’ont pas d’obligation de tenir une comptabilité, car elles n’ont que des obligations fiscales pour les besoins de la TVA et douanières dans le cadre des Intrastat.</p><p>Finalement les bureaux de liaison n’ont pas d’obligation comptable en France</p><p>Ainsi que les Employeurs Etrangers immatriculés au CNFE de Strasbourg.</p>								</div>
				</div>
					</div>
		</div>
					</div>
		</section>
				<section class="elementor-section elementor-top-section elementor-element elementor-element-689917a8 elementor-section-full_width elementor-section-height-default elementor-section-height-default" data-id="689917a8" data-element_type="section" data-e-type="section">
						<div class="elementor-container elementor-column-gap-default">
					<div class="elementor-column elementor-col-100 elementor-top-column elementor-element elementor-element-36ab1fea" data-id="36ab1fea" data-element_type="column" data-e-type="column">
			<div class="elementor-widget-wrap elementor-element-populated">
						<div class="elementor-element elementor-element-4d421354 elementor-widget elementor-widget-image" data-id="4d421354" data-element_type="widget" data-e-type="widget" data-settings="{&quot;motion_fx_motion_fx_scrolling&quot;:&quot;yes&quot;,&quot;motion_fx_devices&quot;:[&quot;desktop&quot;,&quot;tablet&quot;,&quot;mobile&quot;]}" data-widget_type="image.default">
				<div class="elementor-widget-container">
															<img fetchpriority="high" decoding="async" width="1719" height="790" src="https://www.aprz.eu/wp-content/uploads/2020/08/compta.jpg" class="attachment-full size-full wp-image-666" alt="Cabinet de comptabilité" srcset="https://www.aprz.eu/wp-content/uploads/2020/08/compta.jpg 1719w, https://www.aprz.eu/wp-content/uploads/2020/08/compta-300x138.jpg 300w, https://www.aprz.eu/wp-content/uploads/2020/08/compta-1024x471.jpg 1024w, https://www.aprz.eu/wp-content/uploads/2020/08/compta-768x353.jpg 768w, https://www.aprz.eu/wp-content/uploads/2020/08/compta-1536x706.jpg 1536w" sizes="(max-width: 1719px) 100vw, 1719px" />															</div>
				</div>
					</div>
		</div>
					</div>
		</section>
				<section class="elementor-section elementor-top-section elementor-element elementor-element-12c992c7 elementor-section-full_width elementor-section-height-default elementor-section-height-default" data-id="12c992c7" data-element_type="section" data-e-type="section">
						<div class="elementor-container elementor-column-gap-default">
					<div class="elementor-column elementor-col-100 elementor-top-column elementor-element elementor-element-2d59bdab" data-id="2d59bdab" data-element_type="column" data-e-type="column">
			<div class="elementor-widget-wrap elementor-element-populated">
						<section class="elementor-section elementor-inner-section elementor-element elementor-element-5303bdf elementor-section-height-min-height elementor-section-boxed elementor-section-height-default" data-id="5303bdf" data-element_type="section" data-e-type="section" data-settings="{&quot;motion_fx_motion_fx_scrolling&quot;:&quot;yes&quot;,&quot;motion_fx_translateY_effect&quot;:&quot;yes&quot;,&quot;motion_fx_translateY_direction&quot;:&quot;negative&quot;,&quot;motion_fx_translateY_speed&quot;:{&quot;unit&quot;:&quot;px&quot;,&quot;size&quot;:&quot;1&quot;,&quot;sizes&quot;:[]},&quot;motion_fx_devices&quot;:[&quot;desktop&quot;],&quot;motion_fx_translateY_affectedRange&quot;:{&quot;unit&quot;:&quot;%&quot;,&quot;size&quot;:&quot;&quot;,&quot;sizes&quot;:{&quot;start&quot;:0,&quot;end&quot;:100}}}">
						<div class="elementor-container elementor-column-gap-default">
					<div class="elementor-column elementor-col-100 elementor-inner-column elementor-element elementor-element-4441e539" data-id="4441e539" data-element_type="column" data-e-type="column">
			<div class="elementor-widget-wrap elementor-element-populated">
						<div class="elementor-element elementor-element-752d42a3 elementor-widget elementor-widget-heading" data-id="752d42a3" data-element_type="widget" data-e-type="widget" data-widget_type="heading.default">
				<div class="elementor-widget-container">
					<h2 class="elementor-heading-title elementor-size-default">La comptabilité peut-elle être tenue 
<br><b>à l’étranger ? </b></h2>				</div>
				</div>
				<div class="elementor-element elementor-element-7057353f elementor-widget elementor-widget-text-editor" data-id="7057353f" data-element_type="widget" data-e-type="widget" data-widget_type="text-editor.default">
				<div class="elementor-widget-container">
									<p>Rappelons qu’il n’y a pas d’obligation de faire appel à un expert-comptable pour établir la comptabilité, elle peut être tenue en interne chez vous. Cependant, si vous faites appel à un prestataire extérieur en France, il doit être inscrit au Tableau de l’Ordre des Experts Comptables (car profession réglementée).</p><p><em><strong><span style="color: #cc0000;">La comptabilité peut-elle être tenue à l’étranger ?</span> </strong></em></p><p><em> </em></p><p><strong>Deux cas :</strong></p><p><strong>1) </strong> Vous êtes une filiale (société de droit français) : vous devrez respecter le cahier des charges (appelé FEC, voir explications ci-dessous en partie ‘normes IFRS’) de l’administration fiscale française.</p><p><strong>2) </strong>Vous êtes une succursale : vous pouvez tenir la comptabilité dans votre langue, mais les services fiscaux auront la possibilité de vous demander une traduction certifiée de vos livres comptables, en cas de contrôle uniquement. La production en succursale d’un mapping est autorisée (balance générale mappée vers la norme PCG Plan Comptable Général).</p><p><em>Dans ces deux cas (filiale, succursale), si vous souhaitez tenir par vous-même la comptabilité et que APRZ ne réalise que les comptes annuels et la liasse fiscale, nos honoraires sont au temps passé.</em></p><p> </p>								</div>
				</div>
					</div>
		</div>
					</div>
		</section>
					</div>
		</div>
					</div>
		</section>
				<section class="elementor-section elementor-top-section elementor-element elementor-element-14717a5 elementor-section-full_width elementor-section-content-top elementor-section-height-default elementor-section-height-default" data-id="14717a5" data-element_type="section" data-e-type="section">
						<div class="elementor-container elementor-column-gap-default">
					<div class="elementor-column elementor-col-100 elementor-top-column elementor-element elementor-element-4b2886b" data-id="4b2886b" data-element_type="column" data-e-type="column">
			<div class="elementor-widget-wrap elementor-element-populated">
						<div class="elementor-element elementor-element-8f2057f elementor-widget elementor-widget-heading" data-id="8f2057f" data-element_type="widget" data-e-type="widget" data-widget_type="heading.default">
				<div class="elementor-widget-container">
					<h2 class="elementor-heading-title elementor-size-default">La comptabilité française est-elle  
<br><b>aux normes IFRS ? </b></h2>				</div>
				</div>
				<div class="elementor-element elementor-element-2b97ddd elementor-widget elementor-widget-text-editor" data-id="2b97ddd" data-element_type="widget" data-e-type="widget" data-widget_type="text-editor.default">
				<div class="elementor-widget-container">
									<p><em><strong>En France la comptabilité est généralement une comptabilité d’engagement</strong></em> (comptabilité de recettes dépenses réservée pour certaines sociétés civiles), avec un plan de comptes défini par la norme. La norme comptable française est le PCG, qui tend à s’approcher des IFRS.</p><p>La norme fiscale FEC, Fichier des Ecritures Comptables, impose un cahier des charges pour la remise d’un fichier txt de l’ensemble des écritures d’un exercice fiscal, à des fins de contrôle. Les libellés doivent être en français, un certain nombre d’informations doivent être renseignées : compte, libellé, numéro pièce, journal, date, débit, crédit…</p>								</div>
				</div>
					</div>
		</div>
					</div>
		</section>
				</div>

<p>APRZ Comptabilité La tenue d’une comptabilité est-elle obligatoire en France ? La tenue d’une comptabilité pour votre activité en France sera une obligation dans tous les cas sauf : Le régime de la micro-entreprise en France est exempté de tenir une comptabilité car la fiscalité est dans ce cas seul basée sur le niveau du chiffre [&hellip;]</p>
